 = 405 + 24405. What is the hundreds digit of a?
8
Suppose 213*d + 225720 = 258*d. What is the tens digit of d?
1
Let r(a) = 14*a**3 + 8*a**2 - 12*a - 2. Suppose -12*u + 738 = 702. What is the tens digit of r(u)?
1
Suppose 0 = 72*y - 345977 - 385399. What is the ten thousands digit of y?
1
Suppose 5*j - 6559 = -4*r + 2*j, -2*r = 5*j - 3269. What is the units digit of r?
2
Let j(v) = 57*v**2 - 53*v - 725. What is the ten thousands digit of j(-14)?
1
Let k = -5814 + 11286. What is the units digit of k?
2
Suppose -3*x + 5*f - 7 - 11 = 0, -3*x - 18 = 2*f. Let n(m) be the third derivative of -m**4/4 - 7*m**3/6 + 18*m**2. What is the tens digit of n(x)?
2
Let z(s) be the first derivative of 66*s**3 + 7*s**2/2 + 17*s - 17. What is the units digit of z(-2)?
5
Let x(y) = -2*y**2 + 482*y + 52. What is the ten thousands digit of x(27)?
1
Suppose -82*f = -79*f - 244785. Suppose f = 56*j - 1565. What is the tens digit of j?
8
Suppose 0 = -2*k + l + 8, -l + 5*l = -8. Suppose -13*h - 543 = -14*h. Suppose -h = -k*a + 21. What is the tens digit of a?
8
Let x be (-330)/210 - (-4)/((-56)/6). What is the tens digit of (-94444)/(-252) + x/(-9)?
7
Let q(c) = 4646*c - 12080. What is the ten thousands digit of q(22)?
9
Let k(a) = -1177*a - 2894. What is the units digit of k(-33)?
7
Suppose 0 = -2*z - 7*a + 15233, -3*a = 3*z + 2*a - 22877. What is the tens digit of z?
3
Let a = 30 - 59. Let p = a - -34. Suppose w + 61 = 4*w + y, 4*w - 94 = p*y. What is the tens digit of w?
2
Suppose -8*j + 422604 = 10*j. Suppose -23*s = 3*s - j. What is the tens digit of s?
0
Let r(g) = 552*g - 296. Let v(h) = -829*h + 443. Let d(b) = -8*r(b) - 5*v(b). What is the units digit of d(-6)?
9
Suppose 112*a + 4*a = 1305116. What is the thousands digit of a?
1
Suppose -18 - 72 = -15*f. Let v(u) = 40*u - 200. What is the tens digit of v(f)?
4
Suppose -3 = -3*q, -133*n = -128*n + q - 28856. What is the units digit of n?
1
What is the units digit of ((-15220)/(-42)*9)/((-15)/(-70))?
0
Suppose -1074 = -4*s - 5*u + 1202, -2*s + 4*u + 1112 = 0. Suppose 1096 = 5*k - s. What is the hundreds digit of k?
3
Let r be 6/9 + (-2)/(-6). Let i(b) = -13*b - 91. Let d be i(-8). Let k = r + d. What is the units digit of k?
4
Suppose 3*y + 4 = 2*j, -y = -5*y - 5*j + 33. Suppose 55 = -o + 211. Suppose -y*s = -o - 8. What is the tens digit of s?
8
Suppose -3*r - 3*p + 1500 = 0, -r + 4*p + 503 = 2*p. Let u be 3*(-5 + 119/21). Suppose -2*a = 4*q + 65 - 399, 3*a - r = -u*q. What is the units digit of a?
7
What is the units digit of (-15 + 423/30)*-5410?
9
Let g(b) = b - 1. Suppose 0 = -3*h, -2*z - z = 3*h - 12. Let p be g(z). What is the tens digit of -2*(-2)/((-222)/75 + p)?
0
Let s(j) = 91*j**2 + 5*j - 6. Suppose 8 = -4*b + 20, -2*g + 19 = 5*b. What is the hundreds digit of s(g)?
3
Suppose -3271 = -2*j + 1811. What is the tens digit of j?
4
Suppose -3*x - 170 = -x + 4*m, 0 = -4*m. Let k = x - -98. Let t(y) = y**3 - 13*y**2 + 13*y - 17. What is the tens digit of t(k)?
5
Suppose 100*k = 58*k + 51*k - 149499. What is the tens digit of k?
1
Let h(n) be the third derivative of -7*n**4/24 - 19*n**3/3 + n**2. Let k be h(-5). What is the hundreds digit of (2490/(-8))/k + 8/32?
1
Suppose -23862 = -3*u - 6*b, 4*u = 5*b + 37893 - 6129. What is the thousands digit of u?
7
Let t = 23 - 17. Let o(k) = 2*k + 23. Let s be o(-10). Let a = t + s. What is the units digit of a?
9
Suppose -46*z = 5*z - 1139136. What is the thousands digit of z?
2
Suppose 4*u + 72 = -0. Let g(t) = 268*t + 54. Let b be g(-2). What is the tens digit of b/u + 150/(-54) + 3?
2
What is the ten thousands digit of (671/(-55) - -11)*(-9364 - 1)?
1
Let s(m) be the first derivative of m**2/2 + 11. Let i be s(0). Suppose i*b - b - 3*t + 62 = 0, 202 = 3*b + t. What is the units digit of b?
8
Suppose 5*f - 166 = -2*t, 172 = 6*f - f + 4*t. Let c be (8295/63)/((-155)/186). Let b = f - c. What is the hundreds digit of b?
1
Suppose 432717 = 103*a - 293433. What is the tens digit of a?
5
Suppose -20*o + 156103 - 136113 + 375390 = 0. What is the tens digit of o?
6
Let q(i) = -1170*i - 457. What is the hundreds digit of q(-31)?
8
Let o = 24359 + -9748. What is the thousands digit of o?
4
Let r(y) = -16*y**2 + 4*y - 3. Let v be r(2). Let o be v*2*2/(-4). Suppose o = 2*x - 129. What is the tens digit of x?
9
Suppose 7*j - 11*j - 12 = 0. Let g(s) = -17 - 35*s + 3 - 4. What is the tens digit of g(j)?
8
Let h = 9 + -36. Let b = h + 32. Suppose 167 = -b*u + 547. What is the tens digit of u?
7
What is the tens digit of -64 + 50 - (-10820 + 2)?
0
Suppose -29*u = -53*u + 34008. What is the hundreds digit of u?
4
Let u be 4/2 - (3 - 3). Suppose 1456*x - 1457*x + 180 = 0. Suppose u*a - 36 - x = 0. What is the hundreds digit of a?
1
Let h(b) = b**3 - 4*b**2 + 2*b + 4. Let j be h(2). Suppose j = 3*q - 3*c - 1545, -2548 = -5*q + 4*c - 8*c. What is the tens digit of q?
1
Suppose 48*m + 65 = 43*m. Suppose 14 - 22 = -p. What is the units digit of (p/(-2))/(-11 - m) + 9?
7
Suppose 0 = 15*d + 7*d. Suppose -2*f = 2*x - 134, 3*x + 0*f + 4*f - 198 = d. What is the units digit of x?
0
Let b = 2 - -29. Suppose 2*u + b + 97 = 0. Let l = 104 + u. What is the units digit of l?
0
Suppose 0 = -4*b - 4, 3*c + 2*b = 5873 - 1213. Suppose 0 = 1546*g - c*g + 3888. What is the hundreds digit of g?
4
Let n(a) = -3*a - 54. Let s be n(-19). Suppose 5*m - 2*m - 12 = 0, y - s*m - 351 = 0. What is the units digit of y?
3
Let n(i) = 32*i**3 - 6*i**2 - 20*i + 116. What is the thousands digit of n(6)?
6
Suppose 0 = 153*d - 4067245 + 1578853. What is the units digit of d?
4
Let c be 4/8 + (36/(-8) - -4). Suppose -433 = -2*k - 3*p, 0*k + 2*k - 5*p - 425 = c. What is the tens digit of k?
1
Suppose -3*o + m - 4*m = -21, -o + 19 = 4*m. Suppose -w + z + 62 = 0, 2*z + 59 = 9*w - 8*w. Suppose 172 = o*v - w. What is the tens digit of v?
7
Suppose 2*h + 4*r - 838 = 0, 5*r = -3*h + 1311 - 53. Let y = h + -412. What is the units digit of y?
9
Suppose -4*b - 2*j - 3567 = -38107, -8626 = -b + 4*j. What is the units digit of b?
4
Let i(s) = 9*s**2 + 64*s - 1536. What is the units digit of i(-53)?
3
Let t be 2*-655*24/(-15). Let z = t - 1442. What is the units digit of z?
4
Suppose 4*u + 4*f = 73228, -8*u + 5*u + 54951 = -3*f. What is the thousands digit of u?
8
Let v be (25 - 13)/(6/(-20)). Let x be 2/((-4)/(v/(-5))). What is the hundreds digit of (-70)/(-40) - 1/x - -107?
1
Let g be ((-4)/6)/(3 - (-17886)/(-5958)). Let h = g - -30. What is the tens digit of h?
6
Suppose 5*c - 12485 = 5*t, 5*c + 5*t - 10006 = c. What is the hundreds digit of c?
4
Let a = 47502 - 26500. What is the tens digit of a?
0
Suppose 4*w - 21937 = -4*k + 48559, 0 = -2*k - w + 35250. Suppose -k = -13*g + 6*g. Suppose 8*t + 278 = g. What is the hundreds digit of t?
2
Let o be ((-8)/6)/((-26)/9945). Let x = o - 281. Let k = 392 - x. What is the tens digit of k?
6
Let d = -16078 - -17571. What is the units digit of d?
3
Let v = 19 - 13. Suppose v = -2*l + 18. What is the units digit of (2 - (-728)/(-20))/(l/(-15))?
6
Suppose -11*u - 19*u + 567216 = 9*u. What is the ten thousands digit of u?
1
Suppose 4*h + 0*h = -8, -h = 2*z - 4. Suppose 0 = 4*o + f + 12, 12 = -5*o + z*o - 2*f. What is the units digit of 61 - ((1 - o) + -2)?
0
Let y = -110 + -160. Let z = y + 718. Suppose 10*t - 2098 = -z. What is the hundreds digit of t?
1
Suppose -4*u + 374 = -3*s + 10727, -13766 = -4*s - u. What is the units digit of s?
3
Let t(g) = -g**2 - 19*g + 22. Let h be t(-24). Let f be 11 - 8 - (-5)/((-5)/h). Let q = f + -25. What is the units digit of q?
6
Let i be (-10)/(((-8)/(-35))/4). Let w = -976 + 866. Let s = w - i. What is the units digit of s?
5
Let k = 8 + -5. Let a(u) = -2*u**3 + 5*u**2 - 111*u - 579. Let d be a(-6). Suppose -d = -5*p + 4*c, -2*c - 433 = -3*p - k*c. What is the units digit of p?
3
Let l be (-190)/(-19) - 7/1. Let r be 2/3 - (-26)/6. Suppose 4*d + 25 = -l*x + 212, -3*d + r*x = -133. What is the units digit of d?
6
Suppose -95*t - 222666 = -3*u - 98*t, 6*u + 2*t - 445324 = 0. What is the thousands digit of u?
4
Let u(n) = n**3 + 7*n**2 - 114*n + 92. What is the units digit of u(-15)?
2
Suppose r - 5*g - 120 = 6*r, -4*g = -16. Let t be r/3*(2 - 14/4). Suppose -3*n = -16 - t. What is the tens digit of n?
1
Suppose -14 = 2*x - 4, 0 = v + 2*x - 1099. What